 digit of 997473421?
7
What is the tens digit of 412510998?
9
What is the millions digit of 13463406?
3
What is the ten thousands digit of 6072875137?
7
What is the hundreds digit of 6055808966?
9
What is the units digit of 83456182?
2
What is the ten thousands digit of 5993941?
9
What is the units digit of 8047989?
9
What is the hundred millions digit of 108325430?
1
What is the hundred thousands digit of 40390142?
3
What is the tens digit of 808395125?
2
What is the hundred thousands digit of 54714968?
7
What is the ten millions digit of 2317234643?
1
What is the ten millions digit of 1371607417?
7
What is the hundred thousands digit of 7142404873?
4
What is the ten thousands digit of 1475088994?
8
What is the millions digit of 5726503293?
6
What is the thousands digit of 28690678?
0
What is the hundreds digit of 733891268?
2
What is the tens digit of 65389414?
1
What is the hundred millions digit of 164932138?
1
What is the ten thousands digit of 366630?
6
What is the units digit of 35303347?
7
What is the hundred thousands digit of 97086323?
0
What is the ten millions digit of 792458932?
9
What is the thousands digit of 86720841?
0
What is the thousands digit of 127598093?
8
What is the tens digit of 15383138?
3
What is the ten thousands digit of 1764972575?
7
What is the hundred thousands digit of 49638856?
6
What is the tens digit of 6633309700?
0
What is the units digit of 8196143?
3
What is the tens digit of 1115347521?
2
What is the units digit of 120410539?
9
What is the ten thousands digit of 60589809?
8
What is the units digit of 489119132?
2
What is the tens digit of 52524089?
8
What is the units digit of 582083886?
6
What is the tens digit of 16429655?
5
What is the millions digit of 244466720?
4
What is the ten millions digit of 127462127?
2
What is the billions digit of 5422048522?
5
What is the ten millions digit of 34312523?
3
What is the units digit of 3523542238?
8
What is the ten thousands digit of 17364829?
6
What is the billions digit of 1188355730?
1
What is the units digit of 644498413?
3
What is the hundreds digit of 40308041?
0
What is the tens digit of 278554787?
8
What is the tens digit of 205912599?
9
What is the hundreds digit of 170783417?
4
What is the hundreds digit of 372765860?
8
What is the hundred thousands digit of 844759039?
7
What is the thousands digit of 483417733?
7
What is the units digit of 100081552?
2
What is the thousands digit of 1405752521?
2
What is the tens digit of 1078369175?
7
What is the hundred thousands digit of 339401711?
4
What is the hundreds digit of 450679770?
7
What is the ten thousands digit of 986561535?
6
What is the millions digit of 1101930371?
1
What is the thousands digit of 219356044?
6
What is the hundred thousands digit of 1497632641?
6
What is the units digit of 54239339?
9
What is the hundred thousands digit of 2293144057?
1
What is the thousands digit of 36896378?
6
What is the tens digit of 416225082?
8
What is the ten millions digit of 44978809?
4
What is the hundred thousands digit of 84957878?
9
What is the ten millions digit of 183178704?
8
What is the units digit of 678428494?
4
What is the ten thousands digit of 75103893?
0
What is the units digit of 609208058?
8
What is the tens digit of 36678915?
1
What is the units digit of 681621676?
6
What is the hundreds digit of 51947871?
8
What is the tens digit of 392760595?
9
What is the hundreds digit of 185044795?
7
What is the thousands digit of 409286508?
6
What is the hundred millions digit of 218367333?
2
What is the ten millions digit of 243036850?
4
What is the hundreds digit of 42491057?
0
What is the tens digit of 2144169538?
3
What is the units digit of 2528814087?
7
What is the hundred thousands digit of 54280131?
2
What is the ten millions digit of 232767188?
3
What is the millions digit of 3226830946?
6
What is the ten thousands digit of 76205848?
0
What is the thousands digit of 38534809?
4
What is the hundred thousands digit of 173354567?
3
What is the units digit of 675853912?
2
What is the tens digit of 260551910?
1
What is the thousands digit of 168217738?
7
What is the hundred thousands digit of 320347247?
3
What is the units digit of 67016053?
3
What is the ten millions digit of 5315813142?
1
What is the ten thousands digit of 86797617?
9
What is the units digit of 2902693783?
3
What is the millions digit of 93889079?
3
What is the units digit of 18698249?
9
What is the hundred millions digit of 330738527?
3
What is the hundred thousands digit of 84651157?
6
What is the millions digit of 118150673?
8
What is the hundreds digit of 55340367?
3
What is the tens digit of 197736928?
2
What is the thousands digit of 74093122?
3
What is the billions digit of 1496439431?
1
What is the ten millions digit of 17143828?
1
What is the ten millions digit of 65611553?
6
What is the millions digit of 7099919378?
9
What is the millions digit of 108967566?
8
What is the hundred thousands digit of 108662295?
6
What is the thousands digit of 17709645?
9
What is the ten millions digit of 199508000?
9
What is the units digit of 97186064?
4
What is the hundreds digit of 149919470?
4
What is the tens digit of 272592610?
1
What is the ten millions digit of 85433742?
8
What is the ten millions digit of 436564577?
3
What is the billions digit of 3448899055?
3
What is the units digit of 4543615711?
1
What is the thousands digit of 31603357?
3
What is the ten millions digit of 7724603578?
2
What is the thousands digit of 3061431430?
1
What is the hundred thousands digit of 31092906?
0
What is the thousands digit of 1077687740?
7
What is the units digit of 49726973?
3
What is the ten thousands digit of 89926092?
2
What is the millions digit of 286175119?
6
What is the hundreds digit of 231310392?
3
What is the tens digit of 1216566644?
4
What is the millions digit of 25447980?
5
What is the hundred millions digit of 109385874?
1
What is the millions digit of 17577211?
7
What is the ten thousands digit of 204558029?
5
What is the hundred thousands digit of 85832595?
8
What is the units digit of 1820243672?
2
What is the thousands digit of 143539719?
9
What is the ten millions digit of 157837230?
5
What is the tens digit of 1308312?
1
What is the ten thousands digit of 190765809?
6
What is the thousands digit of 78761919?
1
What is the hundreds digit of 23395947?
9
What is the billions digit of 2438538839?
2
What is the ten millions digit of 158317428?
5
What is the tens digit of 130992908?
0
What is the tens digit of 2558821243?
4
What is the units digit of 1191772001?
1
What is the hundred thousands digit of 87378805?
3
What is the ten thousands digit of 5016459732?
5
What is the units digit of 323382074?
4
What is the thousands digit of 355138230?
8
What is the millions digit of 783732303?
3
What is the tens digit of 1025928098?
9
What is the hundreds digit of 7568729776?
7
What is the millions digit of 41093949?
1
What is the hundreds digit of 795545510?
5
What is the ten millions digit of 74487712?
7
What is the hundred thousands digit of 138505110?
5
What is the tens digit of 987692362?
6
What is the ten thousands digit of 46574880?
7
What is the ten millions digit of 174314545?
7
What is the millions digit of 6700624695?
0
What is the thousands digit of 73060731?
0
What is the units digit of 1477266934?
4
What is the thousands digit of 547763213?
3
What is the tens digit of 2656738242?
4
What is the hundred millions digit of 1311170410?
3
What is the ten thousands digit of 816457981?
5
What is the units digit of 2756601085?
5
What is the ten millions digit of 67736661?
6
What is the units digit of 198137578?
8
What is the units digit of 489503026?
6
What is the hundred millions digit of 1382692996?
3
What is the ten thousands digit of 472835715?
3
What is the units digit of 713039004?
4
What is the hundred millions digit of 438211291?
4
What is the hundred thousands digit of 105585601?
5
What is the ten thousands digit of 52582904?
8
What is the thousands digit of 3091402171?
2
What is the millions digit of 15967053?
5
What is the hundred thousands digit of 62729218?
7
What is the ten thousands digit of 141122130?
2
What is the units digit of 39852757?
7
What is the millions digit of 61605969?
1
What is the ten thou